3, 59
List the prime factors of 269.
269
List the prime factors of 45518.
2, 11, 2069
What are the prime factors of 136697?
11, 17, 43
What are the prime factors of 8987?
11, 19, 43
List the prime factors of 2234.
2, 1117
What are the prime factors of 1710?
2, 3, 5, 19
What are the prime factors of 151544?
2, 19, 997
List the prime factors of 16975.
5, 7, 97
What are the prime factors of 9773?
29, 337
What are the prime factors of 40721?
43, 947
What are the prime factors of 6981?
3, 13, 179
List the prime factors of 725.
5, 29
List the prime factors of 622.
2, 311
What are the prime factors of 38364?
2, 3, 23, 139
List the prime factors of 70590.
2, 3, 5, 13, 181
What are the prime factors of 123?
3, 41
What are the prime factors of 1496?
2, 11, 17
What are the prime factors of 5988?
2, 3, 499
What are the prime factors of 35040?
2, 3, 5, 73
What are the prime factors of 98971?
19, 5209
List the prime factors of 11144.
2, 7, 199
List the prime factors of 65488.
2, 4093
List the prime factors of 126.
2, 3, 7
What are the prime factors of 44740?
2, 5, 2237
What are the prime factors of 91628?
2, 22907
What are the prime factors of 3122?
2, 7, 223
List the prime factors of 1418.
2, 709
What are the prime factors of 542?
2, 271
List the prime factors of 15239.
7, 311
List the prime factors of 30534.
2, 3, 7, 727
What are the prime factors of 5048?
2, 631
What are the prime factors of 181382?
2, 89, 1019
List the prime factors of 5058.
2, 3, 281
What are the prime factors of 77809?
17, 23, 199
What are the prime factors of 2065?
5, 7, 59
List the prime factors of 346.
2, 173
What are the prime factors of 2124?
2, 3, 59
List the prime factors of 4508.
2, 7, 23
List the prime factors of 14674.
2, 11, 23, 29
List the prime factors of 936.
2, 3, 13
List the prime factors of 6225.
3, 5, 83
List the prime factors of 821.
821
List the prime factors of 379.
379
List the prime factors of 4896.
2, 3, 17
What are the prime factors of 204357?
3, 17, 4007
What are the prime factors of 3542?
2, 7, 11, 23
List the prime factors of 539.
7, 11
What are the prime factors of 147613?
147613
List the prime factors of 2619.
3, 97
What are the prime factors of 3952?
2, 13, 19
What are the prime factors of 9333?
3, 17, 61
What are the prime factors of 187?
11, 17
List the prime factors of 2151.
3, 239
List the prime factors of 754.
2, 13, 29
What are the prime factors of 53764?
2, 13441
List the prime factors of 5718.
2, 3, 953
List the prime factors of 4434.
2, 3, 739
What are the prime factors of 273?
3, 7, 13
What are the prime factors of 21026?
2, 10513
List the prime factors of 12789.
3, 7, 29
What are the prime factors of 385?
5, 7, 11
What are the prime factors of 119595?
3, 5, 7, 17, 67
List the prime factors of 3145.
5, 17, 37
List the prime factors of 8115.
3, 5, 541
What are the prime factors of 10764?
2, 3, 13, 23
List the prime factors of 2817.
3, 313
What are the prime factors of 842?
2, 421
What are the prime factors of 21602?
2, 7, 1543
What are the prime factors of 102074?
2, 7, 23, 317
List the prime factors of 11763.
3, 1307
What are the prime factors of 353?
353
What are the prime factors of 46831?
46831
List the prime factors of 1518.
2, 3, 11, 23
What are the prime factors of 7315?
5, 7, 11, 19
List the prime factors of 5509.
7, 787
List the prime factors of 13167.
3, 7, 11, 19
List the prime factors of 9788.
2, 2447
List the prime factors of 23281.
31, 751
What are the prime factors of 5043?
3, 41
What are the prime factors of 447?
3, 149
What are the prime factors of 14372?
2, 3593
List the prime factors of 299.
13, 23
List the prime factors of 13833.
3, 29, 53
List the prime factors of 238.
2, 7, 17
What are the prime factors of 30511?
13, 2347
What are the prime factors of 59347?
17, 3491
What are the prime factors of 7537?
7537
List the prime factors of 95341.
67, 1423
List the prime factors of 1649.
17, 97
What are the prime factors of 5132?
2, 1283
List the prime factors of 356.
2, 89
List the prime factors of 824.
2, 103
List the prime factors of 399.
3, 7, 19
What are the prime factors of 4381?
13, 337
List the prime factors of 3222.
2, 3, 179
List the prime factors of 7188.
2, 3, 599
List the prime factors of 1668.
2, 3, 139
List the prime factors of 3387.
3, 1129
What are the prime factors of 4645?
5, 929
What are the prime factors of 2068?
2, 11, 47
What are the prime factors of 331?
331
What are the prime factors of 11099?
11, 1009
What are the prime factors of 4992?
2, 3, 13
What are the prime factors of 74613?
3, 7, 11, 17, 19
List the prime factors of 4280.
2, 5, 107
What are the prime factors of 20768?
2, 11, 59
List the prime factors of 1968.
2, 3, 41
What are the prime factors of 2153?
2153
What are the prime factors of 1896?
2, 3, 79
What are the prime factors of 35722?
2, 53, 337
List the prime factors of 2021.
43, 47
List the prime factors of 6010.
2, 5, 601
List the prime factors of 55702.
2, 27851
What are the prime factors of 38033?
73, 521
What are the prime factors of 1504?
2, 47
List the prime factors of 90158.
2, 61, 739
List the prime factors of 469.
7, 67
List the prime factors of 5842.
2, 23, 127
What are the prime factors of 2972?
2, 743
What are the prime factors of 25719?
3, 8573
What are the prime factors of 1245?
3, 5, 83
List the prime factors of 125392.
2, 17, 461
What are the prime factors of 529?
23
List the prime factors of 520.
2, 5, 13
What are the prime factors of 5364?
2, 3, 149
What are the prime factors of 144?
2, 3
What are the prime factors of 18101?
23, 787
List the prime factors of 20788.
2, 5197
List the prime factors of 71306.
2, 101, 353
List the prime factors of 26941.
29, 929
What are the prime factors of 1488?
2, 3, 31
What are the prime factors of 8278?
2, 4139
List the prime factors of 908.
2, 227
List the prime factors of 10698.
2, 3, 1783
What are the prime factors of 17578?
2, 11, 17, 47
List the prime factors of 100057.
100057
What are the prime factors of 24344?
2, 17, 179
List the prime factors of 3414.
2, 3, 569
List the prime factors of 65138.
2, 32569
List the prime factors of 291.
3, 97
List the prime factors of 1209.
3, 13, 31
List the prime factors of 24136.
2, 7, 431
What are the prime factors of 2926?
2, 7, 11, 19
List the prime factors of 6577.
6577
List the prime factors of 95.
5, 19
List the prime factors of 374.
2, 11, 17
What are the prime factors of 676?
2, 13
List the prime factors of 2440.
2, 5, 61
List the prime factors of 27073.
27073
What are the prime factors of 240?
2, 3, 5
What are the prime factors of 9591?
3, 23, 139
List the prime factors of 17384.
2, 41, 53
List the prime factors of 1364.
2, 11, 31
What are the prime factors of 1131?
3, 13, 29
What are the prime factors of 2698?
2, 19, 71
List the prime factors of 994.
2, 7, 71
What are the prime factors of 29360?
2, 5, 367
What are the prime factors of 1144?
2, 11, 13
List the prime factors of 29387.
29387
What are the prime factors of 15190?
2, 5, 7, 31
List the prime factors of 45299.
97, 467
What are the prime factors of 575?
5, 23
What are the prime factors of 1538?
2, 769
List the prime factors of 13315.
5, 2663
List the prime factors of 2320.
2, 5, 29
List the prime factors of 2221.
2221
What are the prime factors of 5561?
67, 83
What are the prime factors of 130301?
229, 569
What are the prime factors of 3103?
29, 107
List the prime factors of 1285.
5, 257
List the prime factors of 2222.
2, 11, 101
What are the prime factors of 1251?
3, 139
What are the prime factors of 6679?
6679
What are the prime factors of 7152?
2, 3, 149
List the prime factors of 1774.
2, 887
List the prime factors of 53366.
2, 26683
List the prime factors of 2124.
2, 3, 59
List the prime factors of 1154.
2, 577
List the prime factors of 36488.
2, 4561
List the prime factors of 948.
2, 3, 79
List the prime factors of 8747.
8747
List the prime factors of 3048.
2, 3, 127
What are the prime factors of 58869?
3, 31, 211
What are the prime factors of 23999?
103, 233
What are the prime factors of 1857?
3, 619
What are the prime factors of 26028?
2, 3, 241
List the prime factors of 112396.
2, 28099
What are the prime factors of 17570?
2, 5, 7, 251
List the prime factors of 1271.
31, 41
List the prime factors of 4062.
2, 3, 677
What